e 0 = 3*m - 6*m + 48. Suppose -3*v = -5*h + 2*h - 12, 5*v = -4*h - m. Calculate c(h).
-1
Let l(m) = 43 - 42 - 191*m + 192*m. Let t = -2 + 4. Let r be ((-3)/t)/3*6. Give l(r).
-2
Let y(i) be the first derivative of i**3/3 + i + 54. Determine y(2).
5
Let y(j) = j**2 - 8*j + 6. Suppose -4*q = -58 + 14. Suppose 10 = 13*p - q*p. What is y(p)?
-9
Let f(s) be the second derivative of s**5/20 - s**4/2 - s**3 + 7*s**2/2 - 560*s. Determine f(7).
14
Suppose 3 = -3*l + 4*q, q + 3*q + 3 = 5*l. Let b(w) = w**2 + 4 - w**2 - 7*w + 4*w**2 - w**l + 3*w**2. Calculate b(6).
-2
Let w(l) = 15 + 0*l - 36 + l + 19 - 5*l. What is w(1)?
-6
Let l(k) be the third derivative of k**5/60 - 3*k**4/4 + 2*k**3 - 152*k**2. Determine l(18).
12
Let z(a) = -a**3 - 2*a**2 - a - 3. Suppose 2*f + 3*w = -0*f + 29, 0 = 5*f - 2*w - 101. Suppose -y = -3*v + 10, 4 = -v - 0. Let t = f + y. Determine z(t).
9
Let n(m) = -m**2 - 8*m - 5. Let x be n(-7). Let d(j) = -j**x + 2 - 3 - 7*j - 1. Let i be (14 - 14) + (-18)/3. Calculate d(i).
4
Suppose 2*t - 4 = -z - 0, 5*z - 31 = t. Let y(p) = p**3 - 7*p**2 + 6*p + 1. Determine y(z).
1
Let f(c) = -2 - 2*c + 3*c - 2*c + 5 + 3*c**2. Let q(d) = d**2 + d + 1. Let x(a) = f(a) - 4*q(a). What is x(-4)?
3
Let p(s) be the third derivative of -s**5/60 + 3*s**4/8 + s**3/2 - 2*s**2 - 49. What is p(9)?
3
Let w(s) = -s**3 - 10*s**2 - 7*s + 13. Let v(h) = h**3 + 4*h**2 + 12*h + 18. Let k be v(-3). Calculate w(k).
-5
Let a(g) = -37*g - 10 + 12 + 73*g - 33*g. Calculate a(-6).
-16
Suppose 0 = i - 2*i. Let p = 76 - 38. Let y(w) = 2 + p*w**3 + 1 + w**2 - 39*w**3. Calculate y(i).
3
Let b = -53 + 77. Suppose 23*r - b*r = 8. Let x(a) be the third derivative of a**4/24 + 5*a**3/3 + a**2. Calculate x(r).
2
Let b(w) = -w**2 - 2*w - 1. Let x be 15*(-7 + 180/25). Calculate b(x).
-16
Let z(f) = -3*f - 3. Let w be z(5). Let a = 16 + w. Let t be a/4 - 33/22. Let q(b) = -8*b - 3. What is q(t)?
13
Let f be -10 + 4 + 13/2. Let l(z) be the third derivative of -f*z**3 + 0 - 1/24*z**4 + 5*z**2 + 0*z. Calculate l(-5).
2
Let x(t) = -t**2 + 15*t - 11. Let r be x(14). Let m = 36 - 34. Let j(f) = -4*f + m - f**2 + 3*f + 2*f. Give j(r).
-4
Suppose 5*l = -3*k - 4, 3*l = -2*k - 2*l + 4. Let w(y) = -5*y - 3. Let z(h) = 14*h + 7. Let c(m) = k*w(m) - 3*z(m). Suppose -5*q = 6 - 26. Determine c(q).
-5
Let x(l) = 2*l**2 - 11*l - 9. Let z(c) = c**2 - 6*c - 3. Let f(j) = 2*x(j) - 5*z(j). What is f(7)?
4
Let d(z) = z + 1. Suppose -46*j + 41*j - 5 = 0. Let r(p) = p**2 - 3*p + 7. Let u(k) = j*r(k) + 2*d(k). Determine u(5).
-5
Let u(a) = a**2 + 4*a - 8. Let n = -206 - -199. Calculate u(n).
13
Let i = -1253 + 1245. Let l(g) = -g**2 - 4*g + 18. Give l(i).
-14
Let f(m) = -m**3 - 5*m**2 + 6*m - 1. Let g be -3 + (-1)/((10/32)/(-5)). Let j = -19 + g. Give f(j).
-1
Let g(c) = -c + 3. Let d = -145 + 133. Calculate g(d).
15
Let b(h) = -h**3 - 3*h**2 + 3*h. Suppose u - 4*u + 12 = 0. Suppose 0 = -4*z + u*a, -4 = 3*z + 2*z - 4*a. What is b(z)?
4
Let c(q) = 9*q**3 - q**2 + 2*q - 3. Let g(d) = 16*d**3 - 2*d**2 + 3*d - 5. Let y(n) = -5*c(n) + 3*g(n). Determine y(-1).
-3
Let l(n) = n**3 + 4*n - n**2 - 5*n**2 - 3*n - 3. Let s = -11 + 16. Suppose y = 4*j - s*j + 3, -39 = -5*y + 3*j. What is l(y)?
3
Let l(p) = 4*p - 4 + 15*p + p**2 - 16*p. Give l(-3).
-4
Let w(k) = -15*k**2 + k. Let x = 230 + -229. Give w(x).
-14
Let j(f) = -3*f - 19. Let k(d) = 7*d + 50. Let u(b) = -5*j(b) - 2*k(b). Determine u(3).
-2
Let p(y) = -y - 2. Suppose 0 = 4*n + 55*b - 51*b + 44, -27 = 5*n - 2*b. Give p(n).
5
Suppose -8*a = -4*a + 104. Let y(g) = -2*g**2 - 8*g - 2. Let q be y(-6). Let i be (-4)/q - 74/a. Let u(x) = -x**2 + 2*x + 2. Determine u(i).
-1
Let s(o) be the second derivative of o**4/24 + o**3/3 + 7*o**2/2 - 5*o. Let g(x) be the first derivative of s(x). Calculate g(-7).
-5
Let z(v) = 3*v**2 - v - 1. Suppose -5*c - 4*o = 3, -c + 5*o = 6*o. Calculate z(c).
29
Let y(c) be the third derivative of -c**4/4 - c**3/6 - 7*c**2. Let k(q) = -q. Let p(g) = -12*k(g) + 3*y(g). Calculate p(3).
-21
Let i = -6 + 10. Suppose 7 - 13 = 3*z, 0 = -4*o + 3*z + 14. Let h(t) = -4*t + 2 + 14*t - 2*t**o - i*t + 4*t**2. Determine h(-4).
10
Let z(a) be the third derivative of -a**4/12 - a**3/2 - 11*a**2. Suppose -m - 1 = -4*k - 5, k + 3*m = -14. Give z(k).
1
Let j(o) = o**3 + 11*o**2 + 18*o. Let y be j(-9). Let c be 0/(y - (4 + -2)). Let k(n) = -n - 4. Calculate k(c).
-4
Let d(g) be the first derivative of g**3/3 - 6*g**2 + 26*g - 55. Calculate d(10).
6
Let f(h) = -46*h**2 + 4*h + 15. Let x(p) = -30*p**2 + 3*p + 9. Let o(d) = 5*f(d) - 8*x(d). Calculate o(2).
35
Let n(q) = q**3 - 12*q**2 + 20*q - 3. Let x = -1245 + 1255. What is n(x)?
-3
Suppose 5*i = 7*i - 4. Let v(z) = -3*z - z + 1 - 47*z**i + 50*z**2 + z**3. Determine v(-4).
1
Let n(k) = -k**3 + 6*k**2 + k - 7. Let f be ((-1)/((-3)/(-81)))/(-1). Suppose 5*c = 3*h + f, -2*h - 13 = -3*c + 3*h. Give n(c).
-1
Let n = 1/1671 + 556/1671. Let u(d) be the third derivative of 1/6*d**4 + 9*d**2 + 0 + 0*d - n*d**3. Determine u(3).
10
Let j(n) = -n**3 + 11*n**2 - 18*n + 1. Let w(u) = 3*u**3 - 34*u**2 + 56*u - 5. Let y(k) = 7*j(k) + 2*w(k). What is y(7)?
-3
Let w(h) = 13 + 13 + h - h**3 + 17 + 6*h**2 - 44. Calculate w(4).
35
Suppose 3*n - 23 = 46. Let l = 21 - n. Let y(o) = o**3 + 3*o**2 + 3*o + 1. Give y(l).
-1
Let v(u) = -u**2 - 2 + 4*u + 1 - 2. Let y(h) = 334*h + 3676. Let x be y(-11). Give v(x).
1
Let r(z) = z**3 + z**2 - 5*z - 2. Let v(u) = 6*u - 1. Let b be v(1). Suppose 2*x + 15 = -2*t + 3*t, -2*t = -b*x - 32. Let i = -14 + t. Give r(i).
-5
Let n(r) = -r**2 - 2*r + 10*r + 0*r**2. Suppose 0 - 25 = 5*z, 5*t = 4*z + 60. Give n(t).
0
Let r(q) be the first derivative of q**2/2 - 4*q - 528. Calculate r(2).
-2
Let z(v) be the first derivative of -3*v**2/2 - 4*v + 2. Let u(i) = -93*i - 95*i + 189*i. Let r(d) = 4*u(d) + z(d). Calculate r(5).
1
Let w(z) = 3*z - 7. Let l(b) = -12*b + 22. Let s(p) = -2*l(p) - 7*w(p). Give s(-4).
-7
Let q(a) = -a**2 + 1. Let b(p) = -p**2 + 8*p - 6. Let i be b(5). Suppose 4*y + i = 1. Let x be -9 + 5 - (1 + y). What is q(x)?
-8
Let v(r) = -r**3 - 10*r**2 - 9*r + 3. Suppose 0 = 2*w - 4*w - 3*y - 18, w + 9 = 3*y. Calculate v(w).
3
Let n(w) be the first derivative of 3/2*w**2 + 26 - 2*w. Determine n(2).
4
Let s(x) = -2*x**2 + 13*x - 1 - 3 + x**2 - 8. Determine s(12).
0
Let z(i) = 2*i - 8. Suppose 90*d - 12 = 88*d. Determine z(d).
4
Let g(i) be the first derivative of i**6/120 + i**5/12 + i**4/6 + 2*i**3/3 - 10*i**2 - 25. Let k(r) be the second derivative of g(r). What is k(-4)?
4
Let v(r) = -9*r**3 + r**2 - r - 1. Let k = 23 + -16. Let w = -7 + k. Suppose -o - 5 + 4 = w. What is v(o)?
10
Let f = 295 - 299. Let c(r) be the third derivative of -r**4/12 - r**3 + 2*r**2. Determine c(f).
2
Let k(i) = -i**3 - 2*i**2 + i + 1. Suppose 17*z = 16*z + 16. Let o = 21 - z. Let w be (4/o)/((-4)/10). Calculate k(w).
-1
Suppose -6*u = -4*u. Let g be (2 - (u - -2)) + -5. Let d(a) = 8 + 0 - 1 - 3*a - a**2. Give d(g).
-3
Suppose 15 = -3*r - 0, 5*c - 3*r - 30 = 0. Let j(m) = -3 - 11*m + 5*m + m**3 + 5*m + 4*m - 3*m**2. Determine j(c).
6
Let n(o) = 6*o - 64. Let d(t) = -9*t + 97. Let l(g) = 5*d(g) + 8*n(g). What is l(10)?
3
Let s be ((-90)/(-16))/(-3) - 3/24. Let b(w) = 3*w**2 - w + 1. Calculate b(s).
15
Let p(f) be the first derivative of -11*f**2/2 + f - 2. Let k(o) = o**3 + 13*o**2 + 12*o - 1. Suppose -2*l - 11 = 13. Let n be k(l). Determine p(n).
12
Let q(k) = -3*k + 10. Let t be q(3). Let u be (-5)/(-15)*(7 + 2). Let z(n) = u*n - t - n**2 + 2*n - 2*n. Give z(5).
-11
Let h(y) = 5*y**2 - 9*y + 5. Let k(o) = 13*o**2 - 26*o + 15. Let x(v) = 8*h(v) - 3*k(v). Calculate x(3).
22
Let o(a) = -5*a**2 + 10*a + 3. Let b(p) = 6*p**2 - 11*p - 4. Let d(i) = 4*b(i) + 5*o(i). What is d(5)?
4
Let m = 116 - 112. Let k(r) = 3*r**2 + 5*r + 1 - 3 - 2. Let c(y) = y**2 + y - 1. Let u(j) = -4*c(j) + k(j). Calculate u(m).
-12
Let h(n) = n**3 - 11*n**2 + 12*n + 3. Let l be 3 + (7 - (3 - 3)). Determine h(l).
23
Let d(k) = -k**3 - 4*k**2 - 5*k + 18*k - 12*k - 2. Suppose 0 = -l + 2*l + 4. Let w be d(l). Let a(n) = n**2 + 9*n + 9. Calculate a(w).
-9
Let j(n) be the second derivative of 0 + 8*n - 5/6*n**3 - 1/2*n**2. Determine j(-3).
14
Let a(d) = -d**3 + 11*d**2 + d - 4. Let u be a(11). Let i(h) = h**3 - 7*h**2 - h + 4. Let l be i(u). Let q(t) = 